t is the remainder when t is divided by 7?
6
Let a = 14 - 37. Let c = -16 - a. Calculate the remainder when 53 is divided by c.
4
Suppose b + 157 = -2*z + 4*b, -5*z + b = 373. Let l = 108 + z. Calculate the remainder when 202 is divided by l.
32
Let u(r) = -2*r**2 - 21*r + 15. Let h be u(-11). Suppose h - 119 = -5*l. Let s(x) = -6*x**3 + x - 2. What is the remainder when s(-2) is divided by l?
21
Suppose 8*j - 534 = -78. Calculate the remainder when j is divided by 52.
5
What is the remainder when 518 is divided by 25*((-20)/25 + 102/30)?
63
Let f = 191 - -32. Calculate the remainder when f is divided by 68.
19
Suppose 2*h = 5*h - 9, -2*b + 2*h = -24. Suppose -5*i = -b, 4*j - 2*i = -j + 794. Calculate the remainder when 47 is divided by (8/10)/(8/j).
15
Let w be 876/16 + 5/20. Suppose -w = -7*p + 22. Calculate the remainder when 19/1 - 1*-2 is divided by p.
10
Let w(o) = o - 6*o + 9*o - 19. Calculate the remainder when w(8) is divided by 8.
5
Suppose 5*o = 4*j + 89, -5*o + 5*j = 21 - 111. What is the remainder when 121 is divided by o?
2
Let l = -80 - -24. Let o = l - -108. Let x = -13 + 24. Calculate the remainder when o is divided by x.
8
Suppose 4*q - 1228 = -15*p + 11*p, 0 = -q + 4*p + 327. Calculate the remainder when q is divided by 40.
31
Let k = -624 + 658. What is the remainder when 181 is divided by k?
11
Suppose p - 6*p + 140 = 0. Let k = p - -20. What is the remainder when k is divided by 13?
9
Calculate the remainder when 457 is divided by (7 - (-148)/(-20))*-130 - 1.
49
Let y(o) = 4 + 3*o**3 + 4*o + 7*o**2 + 2*o - 2*o**3 - o. Calculate the remainder when y(-3) is divided by 14.
11
Let d = 4 - -8. Let x = 6 - -15. Calculate the remainder when x is divided by d.
9
Let k(x) = x**3 + 10*x**2 + 16*x + 8. Let v be k(-8). Calculate the remainder when 168 is divided by 5 - v - -12 - (0 - 4).
12
Let i = -5 - -9. Let z = -86 + 95. Suppose -z*n + i*n + 45 = 0. Calculate the remainder when 35 is divided by n.
8
Suppose -4*d + 6*d = -2*t - 2, t + 5*d = -17. Suppose h - t = 5. Calculate the remainder when h is divided by (20/(-8))/(2/(-4)).
3
Suppose -4*n = -a - 54, 5*a - 15 = -4*n + 27. Calculate the remainder when 545 is divided by n.
12
Let p = 36 - 11. Calculate the remainder when (404 - 451)/(1/(-2)) is divided by p.
19
Calculate the remainder when (193 - (2 - -8)) + 2 + -6 is divided by 75.
29
Let w = 41 - 37. Suppose -d = -2*f, f - 2*d - 1 = -w*f. Suppose -k + 56 = f. What is the remainder when k is divided by 29?
26
Let q = -113 - -165. Suppose 4*i - 56 = q. What is the remainder when i is divided by ((-30)/9)/((-1)/3)?
7
Suppose 21*a = 189 + 525. What is the remainder when 236 is divided by a?
32
Suppose 3*v - 62 = 4. Let r(t) = t**3 - 3*t + 65. Calculate the remainder when r(0) is divided by v.
21
Let j(z) = -2*z - 16. Let r be j(-11). Let q = r + -2. Let d(i) = i**2 - i + 5. What is the remainder when 65 is divided by d(q)?
14
Suppose s - 2 = 0, 3*y - 353 = -0*y - 4*s. What is the remainder when y is divided by 43?
29
Let v = 209 - 131. Calculate the remainder when v is divided by 9.
6
Let f = -10 + 10. Let h = f - 11. Let x = 20 + h. What is the remainder when 33 is divided by x?
6
Let p = -10 - -12. Suppose 0 + 10 = p*z. Suppose -f - 1 + z = 0. Calculate the remainder when 13 is divided by f.
1
Let p(l) = -24 - 49 + 66 - 5*l - 34. Calculate the remainder when p(-11) is divided by 3.
2
Suppose -63 = 5*y - 63. What is the remainder when (104 - 15)/((-1 - y)*-1) is divided by 32?
25
Let l(s) = s**2 - s - 6. Let r be ((-39)/26)/((-1)/(-18)). Let q(i) = -i**3 - 26*i**2 + 26*i - 22. Calculate the remainder when l(-5) is divided by q(r).
4
Suppose 2*c = -2*c - 36. What is the remainder when (6 + c)/((-2)/4) is divided by 4?
2
Let g(y) = -54*y + 2. Let m be g(0). Let r(s) = -s + 3. Let f be r(6). Calculate the remainder when (-77)/f + m/6 is divided by 10.
6
Suppose -q = -3*q + 36. What is the remainder when q is divided by 14?
4
Suppose -4 = 5*r + 3*g - 32, -4*r + 36 = -g. Calculate the remainder when (4 - (50 + -69)) + 4/(-2) + 1 is divided by r.
6
Let r(f) = -f**2. Let q(t) = -2*t**2 + 17*t + 7. Let m(h) = -q(h) + 3*r(h). What is the remainder when 137 is divided by m(-14)?
32
Let d(w) = w**3 + w**2 - w. Let q be d(1). Let g = q + 5. What is the remainder when 11 is divided by g?
5
Let k = 72 + -37. What is the remainder when k is divided by ((-4)/(-5))/((1 + 13)/350)?
15
Suppose -3*n - 285 = -18*n. Calculate the remainder when 2/9 + (-4711)/(-63) is divided by n.
18
Calculate the remainder when ((-6)/(-5))/((-9)/(-375)) is divided by 14.
8
Suppose -5*u + 18 = 2*d, 3*u + 5*d = 4*u + 18. Let h = -20 - -20. Suppose h = -0*x - 5*x + b + 31, 4 = b. Calculate the remainder when x is divided by u.
1
Let i(o) = -o**3 - 4*o**2 + 3*o - 6. Let n be i(-6). Suppose 4*x - 16 = -n. Let s = 26 - x. What is the remainder when 101 is divided by s?
33
Let h = 49 + -16. Let n = 565 - 435. What is the remainder when n is divided by h?
31
Calculate the remainder when 24*(8/(96/54) + 0) is divided by 46.
16
Let p = -358 - -416. What is the remainder when p is divided by 15?
13
Let j(a) = -a**2 - 2*a + 10. Calculate the remainder when 24 is divided by j(0).
4
Calculate the remainder when 319 is divided by (-262)/(-8) - -2*30/(-80).
31
Suppose -3*f = 5*h - 61 - 13, 4*f - 102 = -5*h. Let j = f + -28. Suppose j = 4*k + 7 - 147. Calculate the remainder when 69 is divided by k.
34
Let c be 2/(0 + 2)*(10 - 10). What is the remainder when (6 + c)*58/3 is divided by 17?
14
Suppose 0*v + v - 36 = 0. Let n = -17 - -44. Let c = v - n. What is the remainder when 13 is divided by c?
4
Let z(p) = 4*p**2 + 3*p - 4. Suppose -5*h - 14 - 1 = 0. Suppose 0 = -5*b + 77 - 17. Calculate the remainder when z(h) is divided by b.
11
Suppose 4*q = 6*q - 16. Suppose -21*c = -20*c - 4. Suppose 35 = 3*h - c. What is the remainder when h is divided by q?
5
Let c be -4*(-1)/6*6. Suppose -c*d + 8 = q - d, -d = 3*q. Calculate the remainder when 21 is divided by 46/4 - q/2.
9
Let h = 701 + -583. What is the remainder when h is divided by 43?
32
Let s = -13 + 18. Suppose 3*w = 7 + 8, 5*q + s*w = 35. Suppose q*i + 6*n = n - 1, 2*i = 4*n + 8. Calculate the remainder when 3 is divided by i.
1
Let v = 1197 + -1098. Calculate the remainder when v is divided by 3.
0
What is the remainder when (-2 - 278/(-3)) + (-65)/(-195) is divided by 23?
22
Let b = 27 + -24. What is the remainder when 68 is divided by ((-44 + 2)/b)/((-4)/10)?
33
Calculate the remainder when 58 is divided by (-8)/(-7)*(96 - 82).
10
Calculate the remainder when (-4)/(-6) - (13 - 2244/9) is divided by 40.
37
Let x = 47 - 18. Suppose 125 = 4*b - 199. What is the remainder when b is divided by x?
23
Let b = -29 + 32. Suppose -b*c + c + 100 = 0. What is the remainder when c is divided by 26?
24
Let z = 18 + 17. Let x(w) = 12*w + 1. Let o be x(1). What is the remainder when z is divided by 1*o*(-2)/(-2)?
9
Let i(d) = -d**3 - d**2 + 2*d + 2. Let m be i(-2). Suppose 4*r + m*a = 0, 28 = r - 5*r + 5*a. What is the remainder when 27 is divided by r - (-4)/((-4)/(-17))?
12
Let j(k) = -14*k. What is the remainder when j(-1) is divided by 1/(6/(-12)) + 5?
2
Let q(p) = p**3 - 2*p**2 - 22*p + 12. Let t(v) = -v**3 - 5*v**2 - 5*v + 3. Calculate the remainder when t(-6) is divided by q(6).
21
What is the remainder when ((-305)/(-15) - 0)*3 is divided by 24?
13
Suppose -3*p = 2*m + 400, -5*m = -9*p + 7*p - 254. Let d = p + 138. What is the remainder when 34 is divided by d?
4
Let r(z) = z + 8. Let k(o) = -1. Let t(i) = -2*k(i) + r(i). Let g = -14 - -24. Calculate the remainder when g is divided by t(-8).
0
Suppose 3*c - 37 = -d, 2*d - 216 = -2*d + 5*c. Let z = -1 + -8. Let s(k) = -k**2 - 10*k + 4. Calculate the remainder when d is divided by s(z).
10
Let k(d) = -2*d**2 - 137 + 12*d + 178 + d**2. Calculate the remainder when 82 is divided by k(13).
26
Calculate the remainder when 330 is divided by ((3 - 3) + 16)/((-1)/(-2)).
10
Suppose 191 = 62*q - 61*q + s, -3*q = 2*s - 571. Calculate the remainder when q is divided by 4.
1
Suppose 0 = f - 2*c + 13, -c = -3*f + 2*c - 24. Let d(r) = -r - 1. Let l(y) = 4*y. Let z(t) = 2*d(t) - l(t). Calculate the remainder when 62 is divided by z(f).
14
Let g = 611 - 606. Suppose 32 = 4*w - 12. What is the remaind